= 45*v**2 - 4*v - 13. Let h be p(6). Let m = -1052 + h. Suppose 3*f + m = 1632. Is f prime?
True
Is 118829*3/(0 - -3) a prime number?
False
Let s(g) = -369*g + 1186. Is s(-13) a composite number?
True
Let r = 133864 - 65672. Let o = r - 46724. Suppose -4935 = 9*n - o. Is n prime?
False
Suppose 17 = 4*b + 117. Let r(v) be the third derivative of -29*v**4/12 - 9*v**3/2 - 15*v**2. Is r(b) composite?
False
Let s(z) = 15*z**2 + 19*z - 415. Is s(-30) a prime number?
False
Let k(l) be the third derivative of 19/6*l**3 + 13/24*l**4 + 1/20*l**5 - 12*l**2 + 0*l + 0. Is k(10) composite?
False
Let l = 190 - 191. Is ((12/(-3))/8)/(l/4994) prime?
False
Let k be 3/9*0/7. Is (k/(-4) - (0 + -1)) + 3690 a composite number?
False
Let v be 10/((-80)/72) + 11167. Let k = 19571 - v. Is k a prime number?
False
Is 4 - (136408/(-6) - 15/45) prime?
True
Suppose 2*k + 0 - 4 = 0. Let j(r) = -r**2 + 9 + 5*r + 5*r**2 + 7*r**k. Is j(-8) composite?
False
Let a = -48586 - -204605. Is a composite?
False
Let s = 100752 + -29273. Is s a prime number?
True
Let x(c) = 202*c**3 - 3*c**2 - 9*c - 5. Let p be x(-2). Let o = p + 5582. Is o prime?
True
Suppose 32*t - 2621698 - 126498 = -12*t. Is t a prime number?
True
Suppose 5*c = -4*t + 20069, 5*t - 22*c = -20*c + 25078. Suppose 2*i - 63541 = -3*m, 2*m = -2*i + t + 37346. Is m composite?
False
Let w(z) = 35*z**2 + 40*z + 244. Is w(35) composite?
False
Let j(w) = -18*w**3 + 2*w**2 - 6*w - 3. Let z(p) = -2*p - 2. Let t be z(0). Let q be j(t). Suppose -337 = -3*f + q. Is f a prime number?
False
Suppose 0*m + 2*m + 12614 = 0. Let n = 4495 + m. Let h = -959 - n. Is h a prime number?
True
Suppose -2*y - 2 = 2*z - 10, -3*z - 9 = 0. Suppose 4*r - y = 1. Is r*(8/(-8) - 5902/(-4)) a prime number?
False
Suppose 4*p - 13*p + 115335 = 0. Let f be (6/9 + (-4)/6)*1. Suppose -i - p = -4*a, -4*i = -a - f*a + 3215. Is a prime?
True
Is ((-2426)/(-3))/((-10)/(-45)*3/5) a prime number?
False
Is (142954005/228)/((-30)/(-24)) a prime number?
True
Suppose -2*p = -3*o + 6*o - 13243, 2*o - 2*p = 8832. Let y = o - 2258. Suppose 8*d - y = 5*d. Is d a composite number?
False
Let m(w) = 27*w - 79. Let h be m(3). Suppose 2*q = -h*q + 24988. Is q a composite number?
False
Let l(s) = 24*s**3 + 3*s**2 + 71*s + 13. Is l(9) a prime number?
False
Suppose -30194 + 92230 = 4*q. Is (q/(-39))/(2/(-6)) prime?
True
Let s be (-18)/99*-1 + (-1574589)/(-33). Let c = s - 33472. Is c a prime number?
True
Let t = -50 + 15110. Let n = -10153 + t. Is n prime?
False
Let s be 2/(6/(-90)*(-5 + -1)). Suppose 5*j + 5280 = s*g, 20*g - 4259 = 16*g - 3*j. Is g prime?
True
Suppose 15*g - 16*g = 53. Let d = -53 - g. Suppose 935 = -d*n + 5*n. Is n composite?
True
Let k(z) = 2*z**2 - 49*z + 78. Let j be k(23). Suppose -6429 - 18150 = -j*i. Is i a prime number?
True
Let k(z) = 6*z**3 + 4*z**2 + 6*z + 12. Let i be k(-5). Let s = i - -1029. Let b = 201 + s. Is b a composite number?
True
Let r be ((-24)/14 + 2)/(57/399). Suppose -3*d = -r*v - 25381, 4*v - 8451 = -15*d + 14*d. Is d prime?
False
Let p be (2 - 21/6)/(3/(-6)). Suppose 0 = -f - 5*k + 578 + 403, p*f - 5*k - 2983 = 0. Is f prime?
True
Let v = -369864 - -733867. Is v a composite number?
True
Suppose 4*l - 112420 = 4*d, 0 = -177*l + 174*l - 2*d + 84345. Is l composite?
False
Let x = 19 + -4. Let u(z) = 161*z - 82. Is u(x) a prime number?
True
Suppose 0 = -154*n - 149*n + 55800177. Is n a composite number?
True
Let t be (-2)/4*25*92448/135. Let p = t + 13207. Is p a composite number?
True
Let b = -884491 + 1655804. Is b composite?
True
Let d(u) = u**2 + u + 4. Let n be d(-4). Suppose 23202 = n*z - 1070. Is z prime?
False
Suppose -3*o + 165 = 33. Suppose 3*b + o = 14*b. Suppose -v = -a - 2205, 7786 = b*v + 3*a - 1020. Is v prime?
True
Suppose -2*s - 4*f + 32 = 0, -36*f + 37*f + 4 = s. Let o(l) be the first derivative of l**4/4 - 4*l**3/3 + 5*l**2/2 + 11*l - 1. Is o(s) a prime number?
True
Let n = -5773 - -11588. Is n a composite number?
True
Let j(k) = 1689*k + 960. Is j(13) composite?
True
Let p(q) = 7*q**2 - 12*q - 74. Let h be p(-12). Suppose c + 201 - h = 0. Is c composite?
False
Let d(p) = p**2 - 2*p - 14. Let z be d(-5). Suppose 0*n - 4*n = -m + z, 4*m + 4*n - 104 = 0. Is m composite?
True
Let g = 469 + -871. Is ((-13)/26)/(1/g) a composite number?
True
Let s be (-74)/(-111) - (-170905)/3. Suppose -83*z + s = -72*z. Is z composite?
False
Let h be 6/(-4)*-4 - (5 + -2). Suppose p = 3*i - 11, -5*i + 2 = -5*p - h. Is (0 - p) + (-1448)/(-4) prime?
False
Let l(u) = -190670*u + 117. Is l(-4) a composite number?
True
Let p = 2233 - 7671. Is p/(-4) + (-72)/(-48) prime?
True
Suppose 9*i + 4844 = -2*y + 5*i, 2*y + 4856 = 2*i. Let t = 1365 - y. Is t composite?
True
Let y(d) = -4243*d + 7206. Is y(-107) a composite number?
False
Let a = 708935 - 384076. Is a prime?
False
Suppose -77*c - 663361 + 1746078 = -1619906. Is c a composite number?
False
Let t(r) = -37*r**3 + 11*r**2 + 7*r + 20. Suppose -36 = 5*v - y, 214*y = 2*v + 216*y + 12. Is t(v) composite?
True
Let c(d) = -8*d**3 + 11*d**2 + 17*d + 14. Let m be c(-6). Suppose 5*u - m = u. Is u a prime number?
True
Let q(a) = 26059*a - 5109. Is q(10) prime?
False
Let i(z) = 79601*z**3 + 3*z - 3. Is i(1) prime?
True
Let d be -4 - -3 - 9060/(-2). Let a(n) = 635*n - 81. Let i be a(12). Suppose -10*v + d = 3*j - 11*v, -3*v = 5*j - i. Is j a prime number?
False
Let z(j) = -824*j + 119 - 828*j + 1663*j. Suppose 0 = 6*w - 10*w. Is z(w) composite?
True
Suppose 3*c - 279 + 162 = 0. Suppose -c*a - 40657 = -41*a - 3*w, -5*a + 101630 = -5*w. Is a a composite number?
False
Let x be (1/(-1) + 1)*(-9)/(-18). Suppose -17*z + 9*z + 50600 = x. Suppose 4*o = 8*o + 3*r - z, -2*o = 5*r - 3145. Is o composite?
True
Suppose 5*n = -6 + 66. Is (-3)/((-9)/(-818))*n/(-8) a prime number?
True
Let u be (-8984)/16 + (-1)/(-2). Let b be (u/(-9) - -1)*(-1 - -4). Let m = 28 + b. Is m composite?
True
Suppose 92*a - 108 = 83*a. Suppose -w + 5*c - 1727 = -49764, 0 = -3*c - a. Is w a prime number?
True
Let z = 1087579 - 578600. Is z composite?
True
Suppose 7713400 = 44*y + 85*y + 2887639. Is y composite?
False
Let s(b) = 5*b - 3. Let c be s(3). Suppose c*m - 9 = 3*m. Is ((-4)/((-72)/(-1398)))/(m/(-3)) prime?
True
Suppose 0 = 8*c - 6*c - 2*f - 248374, -2*f - 620920 = -5*c. Is (4/24)/(3/c) prime?
True
Let m(z) = 16*z**2 + 28039 + 17*z**2 - 53*z**2 + 21*z**2. Is m(0) a composite number?
True
Suppose -24*z + 13269281 - 937385 = 0. Is z a composite number?
False
Suppose 3108013 = -3101*c + 3124*c. Is c prime?
True
Let d(n) = n**3 - 4*n**2 + n - 10. Let j be d(4). Is ((-14)/21)/(j/45) - -1229 composite?
True
Suppose -2*p + 2*r - 6 = 0, -3*p + 1 = 6*r - 4*r. Let g be (-1 - p) + 18844/4. Suppose 0 = -v - 5, -2*v + 0*v - g = -3*a. Is a a prime number?
True
Suppose 5*u - 125698 - 56157 = 0. Is u prime?
False
Suppose -22*r + 17*r + 3*g = -2499197, 2*r - g - 999680 = 0. Is r a composite number?
True
Is (4/(-3))/((-24)/107488602*13) a composite number?
False
Suppose -4*r + u + 2846 = 2*u, -5*u = 2*r - 1432. Let p = 1718 + -610. Let k = p - r. Is k composite?
False
Suppose -4*c - 3*u + 769382 = 0, 577039 = 3*c - 15*u + 16*u. Is c composite?
False
Suppose -4*v + 2*z = -9 - 23, v + z - 2 = 0. Is -4 + 1 + v - -184 a prime number?
False
Suppose -6*d = 5*d - 33. Suppose d*q = -4*q + 75761. Is q a composite number?
True
Let h(c) be the first derivative of -3*c**2/2 + 6*c - 13. Let r be h(3). Is (-59166)/(-27) + 1/r a prime number?
False
Suppose 5*z - 4*y - 4020 = 2*z, -5*z - 3*y + 6700 = 0. Let b = z + 2025. Is b prime?
False
Suppose -7*o = -21, 9*k - 4*k = o + 106342. Is k prime?
True
Let c = 136241 + -63576. Is c composite?
True
Let m(o) = 12*o - 18. Let y be m(3). Let i be 78/y - 8/6. Suppose 2*a - b - 1572 = -3*b, 0 = 3*b - i. Is a a prime number?
False
Suppose -81 = g - 368. Suppose 2*s + 2*s + b = 577, 2*s + b - g = 0. Is s composite?
True
Suppose -2*z + 26402 = -3*u, -3*z + 6424 = 5*u + 50440. Let j = u - -14723. Is j composite?
True
Suppose -5*l + 91*z = 92*z - 7873, 2*l + 3*z - 3157 = 0. Is l prime?
False
Let q(k) = 5148*k**3 - k**2 + 3*k - 7. Let g(y) = -5148*y**3 + y**2 - 3*y + 6. Let c(u) = -4*g(u) - 3*q(u). Is c(1) composite?
False
Let p be 0/(-2) + (0 - 3). Let b(u) = 62*u - 3580. Let s be b(147). Is (2 + p)/(0 + (-2)/s) a prime number?
True
